11100001101110110 (base 2) in base 5?
-4334244424
11a569 (base 12) to base 13
a0c0b
2551016 (base 7) to base 9
554888
550087 (base 9) to base 12
139a81
Convert 882176 (base 9) to base 7.
4321644
What is -110000211210 (base 3) in base 8?
-716413
3502761 (base 8) to base 2
11101000010111110001
Convert 142023 (base 7) to base 9.
41166
-232502 (base 10) to base 12
-b2672
-23622706 (base 8) to base 5
-2311441024
d5cc4 (base 15) to base 7
5522224
Convert -6db2 (base 16) to base 6.
-334002
Convert -41a442 (base 11) to base 14.
-13720d
11020021112 (base 3) to base 13
2bbc5
Convert -651c00 (base 16) to base 6.
-354005200
Convert -12022212000 (base 3) to base 14.
-2a308
Convert -1433002 (base 6) to base 3.
-11011220002
Convert 20110120121210 (base 3) to base 7.
41131110
-6c583 (base 13) to base 5
-22324212
What is 7a830 (base 13) in base 11?
14283a
Convert -30851 (base 9) to base 11.
-14345
Convert -10011110010100000 (base 2) to base 3.
-11010012002
-32107 (base 12) to base 4
-100010113
Convert 140134122 (base 5) to base 9.
1300082
Convert 6646002 (base 7) to base 15.
112750
What is -174285 (base 9) in base 14?
-2b599
42756 (base 9) to base 6
335040
What is 53c5db (base 14) in base 9?
5305574
1301033 (base 4) to base 6
53315
Convert -8a949 (base 11) to base 9.
-220440
Convert 10210340 (base 5) to base 14.
23023
Convert 1403a7a (base 11) to base 2.
1001001111000100111111
What is -1521b20 (base 14) in base 11?
-58a5945
154223310 (base 6) to base 13
8b01ac
Convert -112201101110121 (base 3) to base 8.
-35654725
-363789 (base 12) to base 15
-124da9
Convert 1100001110001100001 (base 2) to base 9.
670318
Convert 2078660 (base 10) to base 16.
1fb7c4
What is -9b6027 (base 15) in base 14?
-dacdd7
Convert -180220 (base 10) to base 15.
-385ea
Convert 10166060 (base 8) to base 5.
1023020431
What is -10b62 (base 12) in base 8?
-53572
What is 67744 (base 9) in base 11?
30959
Convert 2532c06 (base 14) to base 4.
1010023012312
Convert -44a31 (base 12) to base 10.
-91333
Convert 5161237 (base 8) to base 7.
14430324
What is 110110001001110 (base 2) in base 15?
8336
1011111000001011101 (base 2) to base 12
1692a5
Convert 3757209 (base 10) to base 9.
7055826
Convert a9774 (base 14) to base 2.
1100100001011011010
What is -103132520 (base 6) in base 5?
-432104442
205044 (base 9) to base 5
12344113
17089a (base 13) to base 16
8bd1b
What is -36c8c (base 13) in base 11?
-69987
What is -387a1 (base 11) in base 10?
-55529
Convert 446941 (base 10) to base 9.
751071
-7cca4 (base 15) to base 12
-172201
Convert -4567824 (base 9) to base 4.
-21122011210
Convert 110100011110110110 (base 2) to base 5.
23334331
What is 26cbc8 (base 16) in base 2?
1001101100101111001000
-1cdc45 (base 14) to base 2
-11111101001001100101
What is -6503786 (base 9) in base 16?
-353403
-50925 (base 11) to base 15
-1704b
Convert -a6c14 (base 14) to base 16.
-62632
106562162 (base 7) to base 12
224a04b
What is 11859b4 (base 14) in base 3?
120210021100222
Convert -48767a (base 12) to base 15.
-182dea
2026380 (base 10) to base 16
1eeb8c
Convert 115c7 (base 15) to base 8.
154020
179a30 (base 13) to base 6
20412030
What is 13535225 (base 8) in base 9?
5676760
-6323163 (base 11) to base 15
-ea27a9
Convert -c53bd (base 14) to base 15.
-95d2c
What is -6152514 (base 7) in base 4?
-2303212200
-1de0d (base 15) to base 3
-11221222011
Convert 1525244 (base 6) to base 4.
111303130
What is 11b4441 (base 13) in base 7?
64635341
8490 (base 12) to base 10
14508
Convert -384933 (base 12) to base 11.
-579758
-100344001 (base 5) to base 13
-111581
-10c572d (base 15) to base 4
-231311233222
2212002122210 (base 3) to base 9
2762583
-a22711 (base 16) to base 15
-deda58
What is 101201002220 (base 3) in base 10?
210759
What is 10011001010100011 (base 2) in base 16?
132a3
-1110011010011001 (base 2) to base 15
-12758
Convert 440646 (base 8) to base 7.
1154063
164627 (base 9) to base 2
11000110111010010
1052674 (base 8) to base 5
33042332
What is 1232122133 (base 4) in base 12?
19987b
What is -11101101101011001011 (base 2) in base 12?
-3ab463
Convert -4032123 (base 6) to base 10.
-190995
Convert -21421202 (base 6) to base 13.
-195704
-220023445 (base 6) to base 4
-32331221111
Convert -3a20bb (base 12) to base 15.
-13da55
Convert cb5a (base 13) to base 2.
110111010001010
What is 973cd (base 14) in base 3?
200120200020
29115a (base 11) to base 6
13432140
-221312324 (base 5) to base 11
-5a8957
-1560322 (base 7) to base 9
-358571
-1552054 (base 8) to base 16
-6d42c
11110111010010100 (base 2) to base 15
277ac
1194aa (base 16) to base 15
17b5b5
What is -233221022 (base 5) in base 16?
-105439
What is 2445441 (base 9) in base 4?
11010202300
-12226541 (base 7) to base 3
-2001212100112
Convert -a954f (base 16) to base 4.
-2221111033
What is 8412 (base 16) in base 12?
17696
What is 61521b (base 15) in base 12?
1670082
Convert -1042141140 (base 5) to base 13.
-628136
Convert 5202100 (base 7) to base 16.
98002
Convert 2303856 (base 12) to base 3.
110122122210010
What is a20360 (base 12) in base 10?
2530296
Convert 4203210300 (base 5) to base 8.
40771627
Convert 312012130 (base 4) to base 6.
4425524
Convert -2a644 (base 12) to base 16.
-e914
-1321120520 (base 6) to base 3
-1002121100111010
-100100022 (base 3) to base 15
-2042
117570 (base 8) to base 7
230010
78b06 (base 14) to base 6
10140334
-178b35 (base 12) to base 7
-3323453
1001110001100100001 (base 2) to base 9
537316
Convert b7aab (base 12) to base 11.
155705
-52c0 (base 14) to base 6
-150040
383126 (base 10) to base 12
165872
Convert -242562 (base 9) to base 8.
-435525
a4a55 (base 11) to base 8
452654
What is -42442 (base 11) in base 15?
-13471
111000121 (base 4) to base 10
86041
What is -1011100001101011010 (base 2) in base 3?
-201012002112
6cc6c (base 15) to base 10
347052
-26d670 (base 16) to base 6
-130315344
20211342 (base 5) to base 2
100111111000010011
Convert -4565115 (base 9) to base 10.
-2464115
Convert 20022200000 (base 3) to base 14.
334ac
Convert 99e (base 16) to base 12.
1512
Convert -a58311 (base 13) to base 3.
-21021210220021
Convert -1bb1b4 (base 12) to base 9.
-835611
Convert b54a1 (base 12) to base 15.
4a53d
Convert -11110111011101011 (base 2) to base 8.
-367353
What is 1088 (base 14) in base 8?
5460
-26661432 (base 7) to base 16
-25abb6
Convert -113102503 (base 6) to base 4.
-20002220013
What is 11331122102 (base 4) in base 7?
16164455
-442533 (base 6) to base 10
-36921
What is -221343002 (base 5) in base 13?
-27a53a
What is -34952 (base 15) in base 4?
-220320311
What is 20676201 (base 8) in base 11?
25509a4
-2033003123 (base 4) to base 6
-20320415
What is -dd4c8 (base 16) in base 7?
-10463453
What is -9b3662 (base 12) in base 5?
-1113124311
Convert 46549 (base 12) to base 13.
33a98
-3424 (base 13) to base 3
-101000021
-1b0d83 (base 16) to base 5
-423213211
What is -5547750 (base 9) in base 10?
-2984409
What is -100100000000001101010 (base 2) in base 4?
-10200001222
-3625530 (base 10) to base 5
-1412004110
Convert fae214 (base 16) to base 15.
169ba01
Convert -200211211 (base 3) to base 2.
-11010110101010
What is 108f4 (base 16) in base 13?
24b47
Convert 3456cc (base 14) to base 15.
2530e2
What is 1341564 (base 9) in base 15?
e8134
Convert 101010010111011100100 (base 2) to base 11.
869025
Convert -220121120 (base 3) to base 12.
-a473
-6c478 (base 14) to base 11
-170646
Convert 562151 (base 7) to base 5.
11133322
What is -23243321 (base 5) in base 14?
-5754c
-130db6 (base 14) to base 8
-2400644
-101010111010011110100 (base 2) to base 11
-880550
What is b374c5 (base 14) in base 2?
10111000101011010010101
What is 238ab (base 13) in base 12?
3189a
Convert -416616 (base 8) to base 10.
-138638
687567 (base 14) to base 4
31203303313
Convert -110010000110101100 (base 2) to base 14.
-54b12
Convert -42241521 (base 6) to base 9.
-2281004
What is 1240014230 (base 5) in base 14?
594b4d
63620 (base 12) to base 14
357a8
What is -100001010010101011 (base 2) in base 8?
-412253
-11112320 (base 6) to base 7
-2600136
2641b (base 14) to base 11
64780
What is 1102334 (base 5) in base 2?
100101010010110
Convert -1c48d1 (base 14) to base 11.
-630a95
Convert 2322311333 (base 4) to base 16.
bad7f
What is 4194a0 (base 16) in base 12?
1533254
224770 (base 8) to base 3
10212122012
What is 10111210221 (